.
26
Let f be ((-3)/((-6)/(-16)))/(-2) - -171. Let d = f + -49. Suppose 0 = -3*g + 2*g + 18. Calculate the greatest common factor of d and g.
18
Let c = -49 - -54. Suppose 0 = x - c, -3*x - 2*x = -3*o + 185. What is the highest common divisor of 56 and o?
14
Suppose 12 = 8*i - 20. Let b = 4 - i. Suppose x - 3*r - 50 = 0, 3*x - 3*r + r - 136 = b. Calculate the highest common factor of x and 22.
22
Suppose 0 = 39*y + 86*y - 339445 - 708805. What is the highest common divisor of y and 14?
14
Suppose -49*n - 67436 + 245551 = 0. Calculate the highest common divisor of n and 5.
5
Let a(o) = -7*o + 7. Let g be a(3). Let w = g - -29. Suppose -6*r + 28 = -8. What is the greatest common divisor of r and w?
3
Let g be 2569 + 152 - (2 - -9). What is the greatest common factor of g and 20?
10
Suppose 17*b - 4470 = -c + 18*b, -4*c + b = -17868. What is the highest common factor of c and 126?
14
Suppose -4708 = -159*c + 380. Calculate the highest common divisor of c and 680.
8
Suppose 54*a + 75 = 79*a. Let m be a/(-6) + (-485)/(-10). What is the highest common divisor of m and 168?
24
Suppose -19*c = 198909 - 199935. Calculate the highest common factor of c and 846.
18
Suppose -2*f + 186 = 45*h - 47*h, 0 = -4*f - 2*h + 378. What is the greatest common divisor of 4465 and f?
47
Let x(s) = s**2 - 18*s - 123. Let q be x(34). Let i = q - 399. Calculate the greatest common divisor of i and 165.
11
Suppose -2*g = 2*h - 164, -3*h - 7*g + 3*g + 242 = 0. Let w = 86 - h. Let y be (-4 - w) + 3/(12/100). What is the highest common divisor of y and 210?
21
Suppose 2*o + 4*l = 30256 + 11336, 5*o - 103962 = -4*l. What is the highest common divisor of o and 105?
105
Let a = 20326 - 19258. Calculate the greatest common factor of 228 and a.
12
Let p = 1 + 5. Suppose t + s = 12, s = -3*t + 252 - 210. Calculate the highest common factor of t and p.
3
Let x be (6 - (11 - 5))/(-1 + 2). Suppose x = 6*a - 120 - 96. Calculate the highest common factor of a and 9.
9
Let n(z) = z + 4. Let t be n(-5). Let a(x) = 30*x**3 - 2*x**2 - x. Let s be a(t). Let m = s - -76. What is the greatest common factor of 5 and m?
5
Let j be 9/6*(-32)/(-12). Let t(p) = 1 + p**2 + 6*p - 3*p - 7 - 4. Let i be t(j). What is the highest common divisor of i and 144?
18
Suppose -g - 4*f = -1545 - 667, -3*g + 6561 = -3*f. Calculate the highest common factor of g and 411.
137
Suppose 2*u - 3*k - 499 = 0, -54*u + 49*u + 1243 = -3*k. What is the highest common divisor of u and 1426?
62
Let m be -6*-3*(-3)/(-18). Let f(c) = 9*c + 13. Let a be f(m). What is the highest common divisor of a and 70?
10
Let b = 27 + -3. Suppose 28*q = b*q + 60. What is the highest common factor of q and 45?
15
Let w = 73 + -70. Suppose -5*n + 2*n + w = 4*z, z = 2*n - 2. Suppose z = -5*a + 2*a + 12. Calculate the highest common factor of a and 20.
4
Suppose 3*y - 785 = -3*y - 233. What is the highest common divisor of y and 9637?
23
Let u = 133 - 79. Let x(t) = 3*t**3 + 29*t**2 - 38*t - 190. Let k be x(-10). What is the highest common factor of u and k?
18
Let p be (-2)/(-3)*30/(-25)*-5. Suppose 2*y - y - h + 1 = 0, -p*y - h = -21. Let a be -2 + (-1)/(-4)*y*26. What is the highest common divisor of 6 and a?
6
Suppose -11721 = -13*x + 55736 - 12753. What is the greatest common factor of 16 and x?
16
Let c(x) = -3*x**2 + 154*x - 295. Let f be c(45). What is the highest common factor of 64 and f?
16
Let y(p) = 8*p**3 + 114*p**2 - 94*p - 18. Let b be y(-15). Calculate the greatest common divisor of b and 6825.
21
Suppose 2*q = -3*v - 4103, v - 111 = 5*q - 1456. Let t be v/(-189) + 4/(-18). What is the greatest common divisor of 14 and t?
7
Suppose -578 = -2*v - s, 437*v - 299 = 436*v + 2*s. Calculate the highest common divisor of v and 3.
3
Suppose -108 - 144 = -4*m. Suppose s - 82 = 4*r, 4*s - r + 4*r - 252 = 0. Suppose -4*b - 30 + s = 0. Calculate the highest common divisor of b and m.
9
Suppose -80 = -0*s - 3*s + m, -3*m = s - 20. Suppose -j + s = -22. Let g(i) = 13*i + 42. Let a be g(6). What is the greatest common factor of a and j?
24
Let b(f) = 39*f - 310. Let z be b(10). Let g = z - 31. What is the highest common divisor of g and 441?
49
Suppose 2 = -b + 3, 8 = q + 5*b. Let y(h) = 10*h + 5. Let v be y(q). Calculate the highest common divisor of v and 28.
7
Let t(i) = i**3 + 12*i**2 - 55*i - 56. Let f be t(-15). What is the greatest common divisor of f and 3055?
47
Let t = 49 + -54. Let x(n) = n**3 + 6*n**2 - 2*n - 13. Let z be x(t). Suppose -6*d + 462 = -3*d. What is the greatest common factor of z and d?
22
Suppose -23 = r + 46. Let p = 54 - r. Suppose -9*n + 57 + p = 0. Calculate the greatest common divisor of 8 and n.
4
Let y be (3 - (-176)/3)*3. What is the highest common divisor of y and 2?
1
Suppose j - 3*h = 1942, 2*h - 7*h + 36650 = 19*j. What is the greatest common factor of 200 and j?
10
Suppose -86 = 3*z - 98. Suppose -2*p + 5*i - 5 = 21, z*p = 3*i - 38. Let y be (-3)/(4/p + 0). Calculate the greatest common divisor of 2 and y.
2
Suppose 8*c - 64 = 16. Suppose 17*l - c = 7. Let a be 8*(-94)/(-4) - (-1 + l). What is the greatest common divisor of a and 47?
47
Let h(n) = 105*n**3 + 2*n**2 - 38*n + 36. Let m be h(1). What is the greatest common factor of m and 210?
105
Suppose -40*f + 81*f + 5167 = 21649. What is the highest common divisor of f and 9782?
134
Let x = 6262 - 5578. Calculate the greatest common divisor of 133 and x.
19
Suppose -2*p = -38 + 16. Suppose 0 = -p*k + 15*k - 2080. Calculate the greatest common divisor of 40 and k.
40
Let r be 200*9/54*90/8. Calculate the highest common factor of 15 and r.
15
Suppose 5*y + 4*k = 23965, -1521*y + 1516*y + 23960 = 5*k. Calculate the greatest common divisor of y and 234.
117
Let f = -181 + 373. Let s = -144000 - -144240. What is the greatest common factor of f and s?
48
Suppose -4*d = d - 450. Let p be (-5)/(-15)*(12 + 0). Suppose 4*m = 3*y - 167 - 25, -p*m - 12 = 0. Calculate the highest common factor of y and d.
30
Suppose 6*v - 192 = -156. Let g be (177/118)/(v/40). Calculate the greatest common factor of g and 54.
2
Suppose 2*a = 2*b + 997 - 929, -5*a - 5*b = -130. What is the highest common divisor of a and 630?
30
Suppose -5*f + 25 = 0, 2*i - f = f + 314. Suppose -3*s = 4*k - 1629, 8*k + 5*s = 3*k + 2040. Calculate the highest common divisor of i and k.
81
Suppose 118 = 18*a - 2443 + 77. Calculate the greatest common divisor of 874 and a.
46
Suppose -2*x + o = -94, 0*o - 46 = -x + o. What is the highest common factor of 6 and x?
6
Suppose -2*n = 4*k - 2326, -2*n + 5*k + 221 + 2087 = 0. Calculate the highest common factor of n and 152.
19
Let j be (-11536)/(-2) - (12 + (-16 - 0)). Calculate the greatest common divisor of j and 36.
12
Suppose -x = -20 + 39. Let g = -6 - x. Calculate the highest common divisor of 247 and g.
13
Let l = 13845 + -9459. What is the greatest common divisor of l and 1290?
258
Let z(p) = 6*p**2 - 2*p - 2. Let m be z(2). Let j = 192 - m. Suppose -2*w - 13 + 88 = u, -5*w + j = -2*u. Calculate the highest common factor of w and 9.
9
Let u(p) = p**2 - 23*p - 607. Let m be u(46). What is the greatest common divisor of m and 82?
41
Let y be 6/(-12)*46 + 356. Calculate the highest common factor of y and 703.
37
Let l(i) = 2*i**3 + 25*i**2 - 26*i - 204. Let f be l(-8). What is the highest common divisor of 8265 and f?
145
Let o(j) = -j**3 - 9*j**2 - 8*j + 5. Let w be o(-8). Suppose 0 = w*t - 515 + 185. Suppose -m - 110 = -6*m. What is the highest common divisor of m and t?
22
Let k(f) = f - 4 - 5*f + 7 + 3. Let g be k(-2). Calculate the highest common divisor of 35 and g.
7
Let l = -59 - -88. Suppose 3*k = 1202 + 5758. Let h be (9/(-4))/((-20)/k). What is the highest common divisor of l and h?
29
Let c be 96 + ((-160)/16 - -14). What is the greatest common divisor of c and 11380?
20
Let g = -18383 - -18831. What is the greatest common divisor of g and 8?
8
Let w = 2 - -4. Let z(p) = -p**2 + 319. Let b be z(18). Let j = b + w. What is the highest common factor of j and 4?
1
Suppose 3*s + 5 = 4*i - 6, -4*s = 3*i - 27. Let h be (-32)/(-10)*(i - (-315)/6). Calculate the highest common factor of 69 and h.
23
Let z be (5/2 + -2)*324. Let q = 3423 - 3411. What is the greatest common divisor of z and q?
6
Suppose -2*o + 8 = 4*y, -3*y + 6 = -4*o + o. Supp